{"id":16,"date":"2023-05-29T08:35:42","date_gmt":"2023-05-29T11:35:42","guid":{"rendered":"https:\/\/kleberdantas.adv.br\/areas\/?page_id=16"},"modified":"2023-06-23T10:33:00","modified_gmt":"2023-06-23T13:33:00","slug":"areas-de-atuacao","status":"publish","type":"page","link":"https:\/\/kleberdantas.adv.br\/areas\/","title":{"rendered":"\u00c1reas de Atua\u00e7\u00e3o"},"content":{"rendered":"\t\t<div data-elementor-type=\"wp-page\" data-elementor-id=\"16\" class=\"elementor elementor-16\" data-elementor-post-type=\"page\">\n\t\t\t\t\t\t<section class=\"elementor-section elementor-top-section elementor-element elementor-element-5ae9e80 elementor-section-full_width elementor-section-height-full elementor-section-height-default elementor-section-items-middle\" data-id=\"5ae9e80\" data-element_type=\"section\" data-settings=\"{&quot;background_background&quot;:&quot;classic&quot;}\">\n\t\t\t\t\t\t\t<div class=\"elementor-background-overlay\"><\/div>\n\t\t\t\t\t\t\t<div class=\"elementor-container elementor-column-gap-wider\">\n\t\t\t\t\t<div class=\"elementor-column elementor-col-100 elementor-top-column elementor-element elementor-element-9ff35f7\" data-id=\"9ff35f7\" data-element_type=\"column\">\n\t\t\t<div class=\"elementor-widget-wrap elementor-element-populated\">\n\t\t\t\t\t\t<div class=\"elementor-element elementor-element-91c3cf7 elementor-widget elementor-widget-image\" data-id=\"91c3cf7\" data-element_type=\"widget\" data-widget_type=\"image.default\">\n\t\t\t\t<div class=\"elementor-widget-container\">\n\t\t\t<style>\/*! elementor - v3.23.0 - 05-08-2024 *\/\n.elementor-widget-image{text-align:center}.elementor-widget-image a{display:inline-block}.elementor-widget-image a img[src$=\".svg\"]{width:48px}.elementor-widget-image img{vertical-align:middle;display:inline-block}<\/style>\t\t\t\t\t\t\t\t\t\t<img fetchpriority=\"high\" decoding=\"async\" width=\"768\" height=\"113\" src=\"https:\/\/kleberdantas.adv.br\/areas\/wp-content\/uploads\/2023\/05\/logo-white-768x113.webp\" class=\"attachment-medium_large size-medium_large wp-image-1244 has-transparency\" alt=\"\" srcset=\"https:\/\/kleberdantas.adv.br\/areas\/wp-content\/uploads\/2023\/05\/logo-white-768x113.webp 768w, https:\/\/kleberdantas.adv.br\/areas\/wp-content\/uploads\/2023\/05\/logo-white-300x44.webp 300w, https:\/\/kleberdantas.adv.br\/areas\/wp-content\/uploads\/2023\/05\/logo-white-1024x150.webp 1024w, https:\/\/kleberdantas.adv.br\/areas\/wp-content\/uploads\/2023\/05\/logo-white-1536x226.webp 1536w, https:\/\/kleberdantas.adv.br\/areas\/wp-content\/uploads\/2023\/05\/logo-white.webp 1804w\" sizes=\"(max-width: 768px) 100vw, 768px\" data-has-transparency=\"true\" data-dominant-color=\"2b2b2b\" style=\"--dominant-color: #2b2b2b\" \/>\t\t\t\t\t\t\t\t\t\t\t\t\t<\/div>\n\t\t\t\t<\/div>\n\t\t\t\t<section class=\"elementor-section elementor-inner-section elementor-element elementor-element-a665f36 elementor-section-full_width elementor-section-height-default elementor-section-height-default\" data-id=\"a665f36\" data-element_type=\"section\">\n\t\t\t\t\t\t<div class=\"elementor-container elementor-column-gap-default\">\n\t\t\t\t\t<div class=\"elementor-column elementor-col-50 elementor-inner-column elementor-element elementor-element-148a33f\" data-id=\"148a33f\" data-element_type=\"column\">\n\t\t\t<div class=\"elementor-widget-wrap elementor-element-populated\">\n\t\t\t\t\t\t<div class=\"elementor-element elementor-element-29ecbe3 elementor-widget elementor-widget-heading\" data-id=\"29ecbe3\" data-element_type=\"widget\" data-widget_type=\"heading.default\">\n\t\t\t\t<div class=\"elementor-widget-container\">\n\t\t\t<style>\/*! elementor - v3.23.0 - 05-08-2024 *\/\n.elementor-heading-title{padding:0;margin:0;line-height:1}.elementor-widget-heading .elementor-heading-title[class*=elementor-size-]>a{color:inherit;font-size:inherit;line-height:inherit}.elementor-widget-heading .elementor-heading-title.elementor-size-small{font-size:15px}.elementor-widget-heading .elementor-heading-title.elementor-size-medium{font-size:19px}.elementor-widget-heading .elementor-heading-title.elementor-size-large{font-size:29px}.elementor-widget-heading .elementor-heading-title.elementor-size-xl{font-size:39px}.elementor-widget-heading .elementor-heading-title.elementor-size-xxl{font-size:59px}<\/style><h2 class=\"elementor-heading-title elementor-size-default\">Selecione a \u00c1rea de Atua\u00e7\u00e3o desejada:<\/h2>\t\t<\/div>\n\t\t\t\t<\/div>\n\t\t\t\t\t<\/div>\n\t\t<\/div>\n\t\t\t\t<div class=\"elementor-column elementor-col-50 elementor-inner-column elementor-element elementor-element-08ce1d9 elementor-hidden-tablet elementor-hidden-mobile\" data-id=\"08ce1d9\" data-element_type=\"column\">\n\t\t\t<div class=\"elementor-widget-wrap elementor-element-populated\">\n\t\t\t\t\t\t<div class=\"elementor-element elementor-element-c5f1d3f elementor-widget elementor-widget-ucaddon_arrow_navigation\" data-id=\"c5f1d3f\" data-element_type=\"widget\" data-widget_type=\"ucaddon_arrow_navigation.default\">\n\t\t\t\t<div class=\"elementor-widget-container\">\n\t\t\t<!-- start Remote Arrows -->\n\t\t<link id='font-awesome-css' href='https:\/\/kleberdantas.adv.br\/areas\/wp-content\/plugins\/unlimited-elements-for-elementor-premium\/assets_libraries\/font-awesome5\/css\/fontawesome-all.min.css' type='text\/css' rel='stylesheet' >\n\t\t<link id='font-awesome-4-shim-css' href='https:\/\/kleberdantas.adv.br\/areas\/wp-content\/plugins\/unlimited-elements-for-elementor-premium\/assets_libraries\/font-awesome5\/css\/fontawesome-v4-shims.css' type='text\/css' rel='stylesheet' >\n\n\t\t\t<style type=\"text\/css\">\/* widget: Remote Arrows *\/\n\n.ue-remote-carousel-navigation-wrapper\n{\n  display:flex;\n}\n\n.ue-remote-carousel-navigation-wrapper .ue-remote-arrow\n{\n  border:none;\n  border-color:transparent;\n}\n\n.ue-remote-carousel-navigation-wrapper .ue-remote-arrow:hover\n{\n  background-color:transparent;\n \n}\n\n\n#uc_arrow_navigation_elementor_c5f1d3f\n{\n  display:inline-flex;\n}\n\n#uc_arrow_navigation_elementor_c5f1d3f .ue-remote-arrow\n{\n  flex-grow:0;\n  flex-shrink:0;\n  transition:0.3s;\n  display:inline-flex;\n  align-items:center;\n  justify-content:center;\n  line-height:1em;\n  cursor:pointer;\n}\n\n\n#uc_arrow_navigation_elementor_c5f1d3f .ue-remote-arrow .ue-carousel-nav-icon\n{\n  transition:0.3s;\n  line-height:1em;\n}\n\n#uc_arrow_navigation_elementor_c5f1d3f .ue-remote-arrow .ue-carousel-nav-icon svg\n{\n  transition:0.3s;\n  height:1em;\n  width:1em;\n}\n\n\n#uc_arrow_navigation_elementor_c5f1d3f .ue-carousel-nav-label\n{\n  transition:0.3s;\n}\n\n<\/style>\n\n\t\t\t<div class=\"ue-remote-carousel-navigation-wrapper\">\n<div id=\"uc_arrow_navigation_elementor_c5f1d3f\" class=\"ue-remote-carousel-navigation\"  data-parentid='auto'>\n  \n  \n  \n\t<div class=\"ue-remote-arrow ue-carousel-prev \">\n    <div class=\"ue-carousel-nav-icon\"><i class='far fa-arrow-alt-circle-left'><\/i><\/div>\n    \t\n  <\/div>   \n\t\n\n  \n \n\n  <div class=\"ue-remote-arrow ue-carousel-next \">\n        <div class=\"ue-carousel-nav-icon\"><i class='far fa-arrow-alt-circle-right'><\/i><\/div>\n  <\/div>\n  \n  \n<\/div>\n<\/div>\n\t\t\t<!-- end Remote Arrows -->\t\t<\/div>\n\t\t\t\t<\/div>\n\t\t\t\t\t<\/div>\n\t\t<\/div>\n\t\t\t\t\t<\/div>\n\t\t<\/section>\n\t\t\t\t<div class=\"elementor-element elementor-element-1566bcb elementor-widget elementor-widget-ucaddon_image_accodion\" data-id=\"1566bcb\" data-element_type=\"widget\" data-widget_type=\"ucaddon_image_accodion.default\">\n\t\t\t\t<div class=\"elementor-widget-container\">\n\t\t\t<!-- start Image Accordion -->\n\n\t\t\t<style type=\"text\/css\">\/* widget: Image Accordion *\/\n\n\n\n#uc_image_accodion_elementor_1566bcb * { \n\tbox-sizing: border-box; \n}\n#uc_image_accodion_elementor_1566bcb.uc_image_accodion .uc_content .uc_image_accodion_holder{\n\n  \ttransition: 1s;\n}\n\n#uc_image_accodion_elementor_1566bcb  a.uc_more_btn\n{\n  display:inline-block;\n  text-decoration:none; \n}\n\n#uc_image_accodion_elementor_1566bcb .uc_content{\n\tdisplay: flex;\n\tflex-wrap: wrap;\n    transform:rotate(0deg);\n}\n\n#uc_image_accodion_elementor_1566bcb .uc_content .uc_image_accodion_holder{\n\tdisplay: block;\n\tbackground-repeat: no-repeat;\n\tflex: 1;\n\ttext-align: center;\n\tposition: relative;\n\ttext-decoration: none;\n\ttransition: 1s;\n    overflow:hidden;\n    transform:skew(0deg);\n}\n#uc_image_accodion_elementor_1566bcb .uc_content .uc_image_accodion_holder.uc_hover{\n\tflex: 2;\n}\n\n\n#uc_image_accodion_elementor_1566bcb .uc_content .uc_image_accodion_holder .uc_overlay > * {\n    transform:skew(-0deg) rotate(-0deg);\n\n\n}\n#uc_image_accodion_elementor_1566bcb .uc_content .uc_image_accodion_holder .uc_overlay {\n    display: flex;\n    justify-content: center;\n    position: absolute;\n    top: 0;\n    right: 0;\n    bottom: 0;\n    left: 0;\n    transition:1s;\n\n}\n\n#uc_image_accodion_elementor_1566bcb .uc_content .uc_overlay .uc_overlay_inner {\n    z-index: 1;\n}\n#uc_image_accodion_elementor_1566bcb .uc_content .uc_overlay .uc_overlay_inner h2 {\n    transform: translate3d(0,-60px,0);\n\topacity: 0;\n    visibility: hidden;\n}\n\n#uc_image_accodion_elementor_1566bcb .uc_content .uc_image_accodion_holder.uc_hover .uc_overlay .uc_overlay_inner h2 {\n    opacity: 1;\n    visibility: visible;\n    transform: none;\n    transition: 1s;\n}\n\n#uc_image_accodion_elementor_1566bcb .uc_content .uc_overlay .uc_overlay_inner div.ue-content {\n\ttransform: translate3d(0,60px,0);\n\topacity: 0;\n    visibility: hidden;\n}\n\n#uc_image_accodion_elementor_1566bcb .uc_content .uc_image_accodion_holder.uc_hover .uc_overlay .uc_overlay_inner div.ue-content {\n    opacity: 1;\n    visibility: visible;\n    transform: none;\n    transition: 1s;\n}\n\n\n\n@media only screen and (max-width:800px){\n  #uc_image_accodion_elementor_1566bcb .uc_content {flex-direction: column;}\n}\n\n\n#uc_image_accodion_elementor_1566bcb .ue_item_icon\n{\n  line-height:1em;\n}\n\n#uc_image_accodion_elementor_1566bcb .ue_item_icon svg\n{\n  height:1em;\n  width:1em;\n}\n\n#uc_image_accodion_elementor_1566bcb .ue_subtitle\n{\n  display:block;\n}\n\n<\/style>\n\n\t\t\t<div class=\"uc_image_accodion  uc-remote-parent \" id=\"uc_image_accodion_elementor_1566bcb\" data-mobilestart=\"1\"  data-remoteid='auto' data-widgetname='Image Accordion' >\n  <div class=\"uc_content uc-items-wrapper\">\n     \n\n<div class=\"uc_image_accodion_holder uc_hover\"  style=\"overflow:hidden;background-image: url(https:\/\/kleberdantas.adv.br\/areas\/wp-content\/uploads\/2023\/05\/1-768x512.jpg); background-position:center center; background-size:cover;\" >\n  <div class=\"uc_overlay\">\n    <div class=\"uc_overlay_inner\">\n                        <h2 class=\"ue_title\"> Advocacia<br>preventiva e<br>consultiva <\/h2>\t\n             \n             \n                          <div class=\"ue-content\"> \n                          <a href=\"https:\/\/kleberdantas.adv.br\/areas\/advocacia-preventiva-e-consultiva\/\" class=\"uc_more_btn\" >Conhecer<\/a>             <\/div>\n                           \n          \n                 \t\t\n    <\/div>\n  <\/div>\n<\/div>\n\n<div class=\"uc_image_accodion_holder \"  style=\"overflow:hidden;background-image: url(https:\/\/kleberdantas.adv.br\/areas\/wp-content\/uploads\/2023\/05\/societario-768x512.jpg); background-position:center center; background-size:cover;\" >\n  <div class=\"uc_overlay\">\n    <div class=\"uc_overlay_inner\">\n                        <h2 class=\"ue_title\"> Direito<br>C\u00edvel<br>Contratos <\/h2>\t\n             \n             \n                          <div class=\"ue-content\"> \n                          <a href=\"https:\/\/kleberdantas.adv.br\/areas\/direito-civel-contratos\/\" class=\"uc_more_btn\" >Conhecer<\/a>             <\/div>\n                           \n          \n                 \t\t\n    <\/div>\n  <\/div>\n<\/div>\n\n<div class=\"uc_image_accodion_holder \"  style=\"overflow:hidden;background-image: url(https:\/\/kleberdantas.adv.br\/areas\/wp-content\/uploads\/2023\/05\/Direito-Trabalhista-emp-768x512.jpg); background-position:center center; background-size:cover;\" >\n  <div class=\"uc_overlay\">\n    <div class=\"uc_overlay_inner\">\n                        <h2 class=\"ue_title\"> Direito Trabalhista Empresas <\/h2>\t\n             \n             \n                          <div class=\"ue-content\"> \n                          <a href=\"https:\/\/kleberdantas.adv.br\/areas\/direito-trabalhista-empresas\/\" class=\"uc_more_btn\" >Conhecer<\/a>             <\/div>\n                           \n          \n                 \t\t\n    <\/div>\n  <\/div>\n<\/div>\n\n<div class=\"uc_image_accodion_holder \"  style=\"overflow:hidden;background-image: url(https:\/\/kleberdantas.adv.br\/areas\/wp-content\/uploads\/2023\/05\/Direito-Trabalhista-trab-768x512.jpg); background-position:center center; background-size:cover;\" >\n  <div class=\"uc_overlay\">\n    <div class=\"uc_overlay_inner\">\n                        <h2 class=\"ue_title\"> Direito Trabalhista Trabalhador <\/h2>\t\n             \n             \n                          <div class=\"ue-content\"> \n                          <a href=\"https:\/\/kleberdantas.adv.br\/areas\/direito-trabalhista-trabalhador\/\" class=\"uc_more_btn\" >Conhecer<\/a>             <\/div>\n                           \n          \n                 \t\t\n    <\/div>\n  <\/div>\n<\/div>\n\n<div class=\"uc_image_accodion_holder \"  style=\"overflow:hidden;background-image: url(https:\/\/kleberdantas.adv.br\/areas\/wp-content\/uploads\/2023\/05\/lgpd-768x512.jpg); background-position:center center; background-size:cover;\" >\n  <div class=\"uc_overlay\">\n    <div class=\"uc_overlay_inner\">\n                        <h2 class=\"ue_title\"> LGPD<br>(Lei Geral<br>de Prote\u00e7\u00e3o<br>de Dados<br>Pessoais) <\/h2>\t\n             \n             \n                          <div class=\"ue-content\"> \n                          <a href=\"https:\/\/kleberdantas.adv.br\/areas\/lgpd-lei-geral-derotecao-de-dados\/\" class=\"uc_more_btn\" >Conhecer<\/a>             <\/div>\n                           \n          \n                 \t\t\n    <\/div>\n  <\/div>\n<\/div>\n\n<div class=\"uc_image_accodion_holder \"  style=\"overflow:hidden;background-image: url(https:\/\/kleberdantas.adv.br\/areas\/wp-content\/uploads\/2023\/05\/tributario-768x512.jpg); background-position:center center; background-size:cover;\" >\n  <div class=\"uc_overlay\">\n    <div class=\"uc_overlay_inner\">\n                        <h2 class=\"ue_title\"> Direito<br>Tribut\u00e1rio <\/h2>\t\n             \n             \n                          <div class=\"ue-content\"> \n                          <a href=\"https:\/\/kleberdantas.adv.br\/areas\/direito-tributario\/\" class=\"uc_more_btn\" >Conhecer<\/a>             <\/div>\n                           \n          \n                 \t\t\n    <\/div>\n  <\/div>\n<\/div>\n\n<div class=\"uc_image_accodion_holder \"  style=\"overflow:hidden;background-image: url(https:\/\/kleberdantas.adv.br\/areas\/wp-content\/uploads\/2023\/06\/planejamento-sucessorio-768x512.webp); background-position:center center; background-size:cover;\" >\n  <div class=\"uc_overlay\">\n    <div class=\"uc_overlay_inner\">\n                        <h2 class=\"ue_title\"> Planejamento<br>Sucess\u00f3rio <\/h2>\t\n             \n             \n                          <div class=\"ue-content\"> \n                          <a href=\"https:\/\/kleberdantas.adv.br\/areas\/planejamento-sucessorio\/\" class=\"uc_more_btn\" >Conhecer<\/a>             <\/div>\n                           \n          \n                 \t\t\n    <\/div>\n  <\/div>\n<\/div>\n\n<div class=\"uc_image_accodion_holder \"  style=\"overflow:hidden;background-image: url(https:\/\/kleberdantas.adv.br\/areas\/wp-content\/uploads\/2023\/06\/contratos-bancarios-768x512.webp); background-position:center center; background-size:cover;\" >\n  <div class=\"uc_overlay\">\n    <div class=\"uc_overlay_inner\">\n                        <h2 class=\"ue_title\"> Contratos<br>Banc\u00e1rios <\/h2>\t\n             \n             \n                          <div class=\"ue-content\"> \n                          <a href=\"https:\/\/kleberdantas.adv.br\/areas\/contratos-bancarios\/\" class=\"uc_more_btn\" >Conhecer<\/a>             <\/div>\n                           \n          \n                 \t\t\n    <\/div>\n  <\/div>\n<\/div>\n\n  <\/div>\n<\/div>\n\t\t\t<!-- end Image Accordion -->\t\t<\/div>\n\t\t\t\t<\/div>\n\t\t\t\t\t<\/div>\n\t\t<\/div>\n\t\t\t\t\t<\/div>\n\t\t<\/section>\n\t\t\t\t<section class=\"elementor-section elementor-top-section elementor-element elementor-element-406f08a elementor-section-full_width elementor-section-content-middle elementor-section-height-default elementor-section-height-default\" data-id=\"406f08a\" data-element_type=\"section\" data-settings=\"{&quot;background_background&quot;:&quot;classic&quot;,&quot;sticky&quot;:&quot;bottom&quot;,&quot;sticky_on&quot;:[&quot;desktop&quot;,&quot;tablet&quot;,&quot;mobile&quot;],&quot;sticky_offset&quot;:0,&quot;sticky_effects_offset&quot;:0}\">\n\t\t\t\t\t\t<div class=\"elementor-container elementor-column-gap-narrow\">\n\t\t\t\t\t<div class=\"elementor-column elementor-col-50 elementor-top-column elementor-element elementor-element-223654a\" data-id=\"223654a\" data-element_type=\"column\">\n\t\t\t<div class=\"elementor-widget-wrap elementor-element-populated\">\n\t\t\t\t\t\t<div class=\"elementor-element elementor-element-6d63afe elementor-widget elementor-widget-text-editor\" data-id=\"6d63afe\" data-element_type=\"widget\" data-widget_type=\"text-editor.default\">\n\t\t\t\t<div class=\"elementor-widget-container\">\n\t\t\t<style>\/*! elementor - v3.23.0 - 05-08-2024 *\/\n.elementor-widget-text-editor.elementor-drop-cap-view-stacked .elementor-drop-cap{background-color:#69727d;color:#fff}.elementor-widget-text-editor.elementor-drop-cap-view-framed .elementor-drop-cap{color:#69727d;border:3px solid;background-color:transparent}.elementor-widget-text-editor:not(.elementor-drop-cap-view-default) .elementor-drop-cap{margin-top:8px}.elementor-widget-text-editor:not(.elementor-drop-cap-view-default) .elementor-drop-cap-letter{width:1em;height:1em}.elementor-widget-text-editor .elementor-drop-cap{float:left;text-align:center;line-height:1;font-size:50px}.elementor-widget-text-editor .elementor-drop-cap-letter{display:inline-block}<\/style>\t\t\t\t\u00a9 Kleber Dantas Advogados Associados. Todos os Direitos Reservados.\t\t\t\t\t\t<\/div>\n\t\t\t\t<\/div>\n\t\t\t\t\t<\/div>\n\t\t<\/div>\n\t\t\t\t<div class=\"elementor-column elementor-col-50 elementor-top-column elementor-element elementor-element-07445a4\" data-id=\"07445a4\" data-element_type=\"column\">\n\t\t\t<div class=\"elementor-widget-wrap elementor-element-populated\">\n\t\t\t\t\t\t<div class=\"elementor-element elementor-element-7a03e87 elementor-widget elementor-widget-text-editor\" data-id=\"7a03e87\" data-element_type=\"widget\" data-widget_type=\"text-editor.default\">\n\t\t\t\t<div class=\"elementor-widget-container\">\n\t\t\t\t\t\t\t\u2661 Orgulhosamente por<a class=\"smooth\" style=\"color:#A3A3A3\" href=\"https:\/\/www.sidneyjr.com\/\" target=\"_blank\" rel=\"noopener\">\u00a0SidneyJr.com<\/a>\t\t\t\t\t\t<\/div>\n\t\t\t\t<\/div>\n\t\t\t\t\t<\/div>\n\t\t<\/div>\n\t\t\t\t\t<\/div>\n\t\t<\/section>\n\t\t\t\t<\/div>\n\t\t","protected":false},"excerpt":{"rendered":"<p>Selecione a \u00c1rea de Atua\u00e7\u00e3o desejada: Advocaciapreventiva econsultiva Conhecer DireitoC\u00edvelContratos Conhecer Direito Trabalhista Empresas Conhecer Direito Trabalhista Trabalhador Conhecer LGPD(Lei Geralde Prote\u00e7\u00e3ode DadosPessoais) Conhecer DireitoTribut\u00e1rio Conhecer PlanejamentoSucess\u00f3rio Conhecer ContratosBanc\u00e1rios Conhecer \u00a9 Kleber Dantas Advogados Associados. Todos os Direitos Reservados.\u2661 Orgulhosamente por\u00a0SidneyJr.com<\/p>\n","protected":false},"author":1,"featured_media":0,"parent":0,"menu_order":0,"comment_status":"closed","ping_status":"closed","template":"elementor_header_footer","meta":{"ocean_post_layout":"","ocean_both_sidebars_style":"","ocean_both_sidebars_content_width":0,"ocean_both_sidebars_sidebars_width":0,"ocean_sidebar":"0","ocean_second_sidebar":"0","ocean_disable_margins":"on","ocean_add_body_class":"","ocean_shortcode_before_top_bar":"","ocean_shortcode_after_top_bar":"","ocean_shortcode_before_header":"","ocean_shortcode_after_header":"","ocean_has_shortcode":"","ocean_shortcode_after_title":"","ocean_shortcode_before_footer_widgets":"","ocean_shortcode_after_footer_widgets":"","ocean_shortcode_before_footer_bottom":"","ocean_shortcode_after_footer_bottom":"","ocean_display_top_bar":"off","ocean_display_header":"off","ocean_header_style":"","ocean_center_header_left_menu":"0","ocean_custom_header_template":"0","ocean_custom_logo":0,"ocean_custom_retina_logo":0,"ocean_custom_logo_max_width":0,"ocean_custom_logo_tablet_max_width":0,"ocean_custom_logo_mobile_max_width":0,"ocean_custom_logo_max_height":0,"ocean_custom_logo_tablet_max_height":0,"ocean_custom_logo_mobile_max_height":0,"ocean_header_custom_menu":"0","ocean_menu_typo_font_family":"0","ocean_menu_typo_font_subset":"","ocean_menu_typo_font_size":0,"ocean_menu_typo_font_size_tablet":0,"ocean_menu_typo_font_size_mobile":0,"ocean_menu_typo_font_size_unit":"px","ocean_menu_typo_font_weight":"","ocean_menu_typo_font_weight_tablet":"","ocean_menu_typo_font_weight_mobile":"","ocean_menu_typo_transform":"","ocean_menu_typo_transform_tablet":"","ocean_menu_typo_transform_mobile":"","ocean_menu_typo_line_height":0,"ocean_menu_typo_line_height_tablet":0,"ocean_menu_typo_line_height_mobile":0,"ocean_menu_typo_line_height_unit":"","ocean_menu_typo_spacing":0,"ocean_menu_typo_spacing_tablet":0,"ocean_menu_typo_spacing_mobile":0,"ocean_menu_typo_spacing_unit":"","ocean_menu_link_color":"","ocean_menu_link_color_hover":"","ocean_menu_link_color_active":"","ocean_menu_link_background":"","ocean_menu_link_hover_background":"","ocean_menu_link_active_background":"","ocean_menu_social_links_bg":"","ocean_menu_social_hover_links_bg":"","ocean_menu_social_links_color":"","ocean_menu_social_hover_links_color":"","ocean_disable_title":"on","ocean_disable_heading":"default","ocean_post_title":"","ocean_post_subheading":"","ocean_post_title_style":"","ocean_post_title_background_color":"","ocean_post_title_background":0,"ocean_post_title_bg_image_position":"","ocean_post_title_bg_image_attachment":"","ocean_post_title_bg_image_repeat":"","ocean_post_title_bg_image_size":"","ocean_post_title_height":0,"ocean_post_title_bg_overlay":0.5,"ocean_post_title_bg_overlay_color":"","ocean_disable_breadcrumbs":"off","ocean_breadcrumbs_color":"","ocean_breadcrumbs_separator_color":"","ocean_breadcrumbs_links_color":"","ocean_breadcrumbs_links_hover_color":"","ocean_display_footer_widgets":"off","ocean_display_footer_bottom":"off","ocean_custom_footer_template":"0"},"_links":{"self":[{"href":"https:\/\/kleberdantas.adv.br\/areas\/wp-json\/wp\/v2\/pages\/16"}],"collection":[{"href":"https:\/\/kleberdantas.adv.br\/areas\/wp-json\/wp\/v2\/pages"}],"about":[{"href":"https:\/\/kleberdantas.adv.br\/areas\/wp-json\/wp\/v2\/types\/page"}],"author":[{"embeddable":true,"href":"https:\/\/kleberdantas.adv.br\/areas\/wp-json\/wp\/v2\/users\/1"}],"replies":[{"embeddable":true,"href":"https:\/\/kleberdantas.adv.br\/areas\/wp-json\/wp\/v2\/comments?post=16"}],"version-history":[{"count":169,"href":"https:\/\/kleberdantas.adv.br\/areas\/wp-json\/wp\/v2\/pages\/16\/revisions"}],"predecessor-version":[{"id":1358,"href":"https:\/\/kleberdantas.adv.br\/areas\/wp-json\/wp\/v2\/pages\/16\/revisions\/1358"}],"wp:attachment":[{"href":"https:\/\/kleberdantas.adv.br\/areas\/wp-json\/wp\/v2\/media?parent=16"}],"curies":[{"name":"wp","href":"https:\/\/api.w.org\/{rel}","templated":true}]}}